+ 37. Let l be i(12). Let o(u) = -u**3 - u**2 + u - 1. Let k(m) = -5*m**3 - 13*m**2 - 4*m - 8. Let n(p) = l*k(p) - 4*o(p). Determine n(-8).
-4
Suppose -21*x + 13*x = 16. Let w(n) be the third derivative of n**4/24 - 2*n**3/3 + n**2. Let p(k) = -2. Let j(u) = -5*p(u) + 2*w(u). Calculate j(x).
-2
Let y(n) = -n**2 + 8*n - 9. Let x be 1 + 2 + (10 + -6 - 0). What is y(x)?
-2
Let r(m) = -m - 31*m**3 - 209 - 4*m**2 + 32*m**3 + 214. What is r(4)?
1
Let f(g) = g**2 + 5*g - 1. Suppose -5*w + 33 = -2*s, w - 5*s - 25 = -0. Suppose 3*b + 11 = w*r, 5 = b - 3*r + 2. Let h be (-14 + 7)*b/(-14). Give f(h).
5
Let y(l) = -l - 1. Let d(g) = 5*g**2 - 6*g - 11. Let z(k) = -d(k) + 5*y(k). Let s(t) = 4*t**2 - t - 6. Let r(w) = 4*s(w) + 3*z(w). Determine r(5).
14
Let t(u) = -u - 1. Let r = -17 - -20. Let j(f) = -f. Let b be j(r). Determine t(b).
2
Suppose 9 = 4*q - 3*d, -3*d = 4*q - 2*d - 13. Suppose -r + 12 = h, -5*r = -6*h + q*h + 52. Let m = 12 - h. Let s(t) = t**3 + 2. Give s(m).
-6
Suppose 3*h + 5*w = 37, 0*h + h + 11 = 3*w. Suppose f + 11 = -3*x, f + h*x + 8 = 3*f. Let a(g) = -g**3 - 2*g**2 - 3*g - 2. Give a(f).
4
Let r(o) be the third derivative of -o**5/60 + o**4/24 + o**3/3 + o**2. Suppose -6*s = -10*s - 104. Let d = 30 + s. What is r(d)?
-10
Suppose 18 = 4*q - q - 3*a, 0 = 3*a + 12. Let u(y) = -y - 4*y + q + 4*y. Suppose 3*c = 3 + 3. What is u(c)?
0
Let t(d) = d**2 - 3*d. Let w be t(3). Suppose -5*m - 52 = -3*j, -40 = -5*j - 0*m - m. Let q(o) = -13*o + 25*o - 13*o - j. Give q(w).
-9
Suppose -f + 6 = 5. Let w(a) = 2*a**2 - a. Let t(o) = -6*o**3 + 3*o**2 - 2*o. Let x(k) = -t(k) + 2*w(k). What is x(f)?
7
Let l(f) = -35*f + 6 + f**2 + 13*f + 6*f + 9*f. What is l(7)?
6
Let q(i) be the second derivative of -1/20*i**5 - 7/12*i**4 + 0 + 16*i - 1/3*i**3 - 9/2*i**2. Determine q(-7).
5
Let c = 254 + -261. Let d(s) = -s + 8. Calculate d(c).
15
Let v(c) = -c**3 - 7*c**2 - 19*c + 17. Let d(y) = y**3 - y**2 + 4*y - 1. Let w(r) = -2*d(r) - v(r). Determine w(10).
-5
Let s(a) = -41*a + 81. Let j be s(2). Let k(w) = -25*w**3 - 1. Give k(j).
24
Let y be 22*((-6)/4 + 1). Let x be (2/y + 12/(-55))*-5. Let s(j) = -j**2 + j + 2. Determine s(x).
0
Let b = 3 - 9. Let c(a) = -9*a + 6. Let i(z) = -3*z + 3. Let n(m) = -2*c(m) + 5*i(m). Calculate n(b).
-15
Let c(p) = p + 10. Let r be c(0). Let x = r + 5. Suppose 0 = 2*o + 3*z - x, -7*o + 4*o - 4*z = -20. Let k(w) = -w. Give k(o).
0
Suppose 5*y = 8 + 2. Let f(r) = -10*r**2 + 0 + 1 + 9*r**y - 10*r. Let h(a) = -a**2 - 11*a + 1. Let w(g) = -6*f(g) + 5*h(g). Calculate w(-5).
-1
Suppose -129*f + 40 = -125*f. Let m(g) = 3*g**2 - 10*g - 5. Let q(w) = -4*w**2 + 10*w + 6. Let i(k) = -3*m(k) - 2*q(k). Determine i(f).
3
Suppose -4 = -0*r + r. Let q be (0 - 1/2)*r. Let v(n) be the first derivative of n**2 - n - 439. Calculate v(q).
3
Let a(n) be the first derivative of -7/3*n**3 + 3*n**2 + 1/4*n**4 + 3 + 0*n. What is a(6)?
0
Let f(j) = -j - 3. Let s be f(-4). Let p(a) = 10*a + a + 11*a + 8*a - 46*a. Calculate p(s).
-16
Let i(o) be the second derivative of 1/20*o**5 - 1/2*o**2 - 2/3*o**4 + 7/6*o**3 + 0 + 4*o. Give i(7).
-1
Let o(j) = 19*j**2 + 2*j - 1. Let t be o(1). Suppose -4*w = w + t. Let r(s) be the second derivative of -s**3/2 - 2*s**2 + 2*s. What is r(w)?
8
Let a(t) = -3*t - 1. Let f(r) = 2*r - 2 - 2 + 1 + 4. Let x(o) = 3*a(o) + 4*f(o). Determine x(-6).
7
Suppose 5*h = -39 - 96. Let s = h + 28. Let b(k) = -11*k - 1. Give b(s).
-12
Let p(g) = g + 1. Let b(x) = -6*x + 4. Let z(s) = b(s) - 2*p(s). Give z(1).
-6
Suppose -2*a + 6 = -3*a. Let c be ((-35)/2)/(-7) + (-3)/a. Let d(w) be the first derivative of 3*w**2/2 + 2*w - 2. Determine d(c).
11
Let h(g) = -g**3 + 12*g**2 + 33*g + 7. Let s be h(-2). Let r(v) be the second derivative of -v**3 - v. What is r(s)?
18
Let p(a) = 4*a**2 - a**3 - 6*a + 0*a**3 + 2*a + 6. Suppose 4*i = -r, -r + 5*i - 2*i = -7. Calculate p(r).
-10
Let r(q) = q**3 + 3*q**2 - 2*q + 3. Suppose -2*w - 2*w = -16. Suppose -6*h + w*h = 0. Suppose h = -m - 0*m - 4. Calculate r(m).
-5
Let w be 30/(-15)*6/(-4). Let o(z) = z**3 - z + 4. Calculate o(w).
28
Suppose 0 = 2*r, 0*s = -4*s - 3*r + 12. Let q(x) be the third derivative of -x**4/12 + 2*x**3/3 + 6*x**2. Calculate q(s).
-2
Let w(v) = v**3 + v**2 - 2*v - 2. Let d = -51 + 89. Let o = d + -40. What is w(o)?
-2
Let c = 9 - 5. Let v = -183 - -188. Let p(r) = 7*r**2 - 3*r + 6. Let t(n) = n**2 + 2. Let o(m) = v*t(m) - p(m). Give o(c).
-16
Let s(y) = -5*y - 6. Let l = -122 - -30. Let j = l + 88. Give s(j).
14
Let k(u) = -12*u + 34. Let h(f) = -7*f + 18. Let s(c) = 5*h(c) - 3*k(c). Give s(10).
-2
Let x(h) be the third derivative of h**5/60 - h**4/24 - 5*h**3/2 + 14*h**2. Let s(c) be the first derivative of x(c). Determine s(1).
1
Let h(z) = -6*z**3 - z**2 + 2*z + 1. Let n(s) = -s**2 - 19*s - 79. Let g be n(-13). Determine h(g).
4
Suppose 9*z - 4 = 8*z. Let l(o) = 2*o - z*o**2 + 3*o**2 + 4*o + 7 - o. Calculate l(8).
-17
Let s(d) = 6*d - 24. Let l = -1302 - -1306. Calculate s(l).
0
Let u(n) = -21 - 10*n + 0*n**3 + 12*n**2 + 4*n**3 + 8 - 5*n**3. Calculate u(11).
-2
Let w = -22 + -11. Let i be 6/w - 26/(-22). Let y be ((i + 0)*5)/1. Let o(f) = -f**2 + 4*f. Calculate o(y).
-5
Let p(k) = -3 + 2 + 1552*k**2 - k + 5 - 1551*k**2. Give p(0).
4
Suppose 4 = -3*y + 3*n + 85, 3*n = 15. Let g be y/(-24)*12/(2/1). Let w(p) = -p**2 - 8*p - 8. Determine w(g).
-8
Suppose 2*x + x - 6 = 0. Let t(u) = 1 - 13*u + 4*u + 9*u - u**x. Let o be ((-1 - 0) + 3)/2. Give t(o).
0
Let q be (-2)/(-17) + (-134)/(-17) + -4 - 3. Let h(j) = -8*j + 2*j - 1 - j. Calculate h(q).
-8
Let h(u) = u**2 + 6*u + 8. Let n be h(-4). Suppose 5*i + 30 - 15 = n. Let d(z) = -z**2 - 3*z - 4. Calculate d(i).
-4
Let r(x) = 2*x + 7. Let y(w) = -w**2 + 5*w + 14. Let v be y(6). Let q(h) = -14 - 6 - 6*h + 0. Let s(p) = v*r(p) + 3*q(p). Calculate s(-4).
4
Let s(x) = -x**3 - 4*x**2 - 3*x - 3. Suppose 5*f + 6 - 1 = -5*b, 4*b + 5*f + 2 = 0. Give s(b).
-3
Let m = -10 - -5. Let f(j) be the first derivative of -4 - j + 3*j**2 + 1/3*j**3. Calculate f(m).
-6
Let a = 113 - 110. Let o(j) be the second derivative of 5*j + 7/12*j**4 + 0 + 0*j**a + 0*j**2. What is o(1)?
7
Let x(i) = 9*i**2 - 3*i - 3. Let c(n) = -2*n**2. Let q(r) = 4*c(r) + x(r). What is q(-3)?
15
Suppose 3*r - 4*t - 36 = 0, -r + 4*r - t = 36. Let k(l) = l**2 - l**3 - 1 - 5 + r - l. Calculate k(0).
6
Let t(g) = -3*g - 4. Let k = 701 - 706. Calculate t(k).
11
Let r be ((-10)/(-14))/((-9)/(-63)). Let n(m) = r*m - m - 272 + 270. Give n(-2).
-10
Let c(j) = -4*j**2 + 2*j + 1. Let g(r) = 9*r + 4. Let w be g(-4). Let m = w - -33. Let n be m/(0 - 3/3). Calculate c(n).
-5
Let w be (-18)/(-4)*-1*128/(-12). Let v = w - 45. Let t(u) = 2*u**3 - 4*u**2 - 2*u + 2. Determine t(v).
14
Let g = -8 - -14. Let n(p) be the first derivative of p**5/20 - 7*p**4/12 + p**3 + 3*p**2 + 35*p - 6. Let t(u) be the first derivative of n(u). Determine t(g).
6
Let a(b) = -4*b + 89. Let d(o) = -o + 13. Let r(f) = -a(f) + 5*d(f). Calculate r(-14).
-10
Let p(g) = 7*g**3 - 10*g**2 - 4*g - 13. Let s(x) be the first derivative of -11*x**4/4 + 5*x**3 + 3*x**2 + 20*x - 14. Let j(r) = 8*p(r) + 5*s(r). Give j(5).
-14
Let x be -9 + (-4)/(-2) + -2. Let a(r) = 11*r - 10. Let n(l) = -17*l + 11. Let s(d) = -3*a(d) - 2*n(d). Calculate s(x).
-1
Let b = 145 - 152. Let j(x) = x**2 + 7*x + 4. Give j(b).
4
Let i(l) be the second derivative of -1/30*l**6 + 1/6*l**3 + 3*l**2 - 3*l + 0*l**5 + 1/24*l**4 + 0. Let f(a) be the first derivative of i(a). Calculate f(-1).
4
Suppose r - 40 = -3*r. Let n(x) = 0*x + 69 - 203 + 69 - x + 69. Determine n(r).
-6
Let k(q) = -12*q + q**2 - 4275 + 2*q + 4296. Calculate k(2).
5
Let s(w) = w**3 + 5*w**2 - 14*w - 1. Suppose -6*q + 8*q = 4, 3*q = 5*u + 41. Let a be s(u). Let r(y) = 13*y - 1. Determine r(a).
-14
Let z(f) = -f**3 - 9*f**2 - 10*f - 15. Let k = 3023 + -3031. Calculate z(k).
1
Suppose -4*q + 5*z + 60 = q, -4*q - 4*z + 56 = 0. Let l(c) = 0 + q*c**2 - 4*c - 14*c**2 + 6. Calculate l(-5).
1
Let r(f) = -f**2 + 5*f - 1. Let p(a) = 2*a**2 - 13*a + 4. Let n be p(6). Let s(l) = -3*l - 3. Let c be s(n). What is r(c)?
5
Suppose l + 5 = 2*l. Let s(t) = -t**2 + 6*t - 4. Let c be s(l). Let k(w) = -5*w**3 - 6*w**3 + w - 2*w**2 + 10 - 10. Calculate k(c).
-12
Let j(v) = v**2 + 3*v + 8*v + 27 - 21 - 2*v. Suppose 3*b - 4 = -d, -3